 l(i) be the second derivative of -1/6*i**3 - 33*i + i**v + 0. Determine l(6).
-4
Let l(w) = -w**2 + 37*w + 241. Let y be l(40). Suppose 47*r = -537 - y. Let f(k) = k + 5. Determine f(r).
-9
Let p(j) = 120 - 48 - 123 + 4*j. Give p(14).
5
Let b(m) = -17*m + 17. Suppose -2*a - 191 = -187. Calculate b(a).
51
Let t(q) = -24*q - 11. Let h = 26351 - 26346. Give t(h).
-131
Let r = -82 - -86. Suppose 2*z - 14 + 0 = -a, -2*z = 4*a - 26. Suppose a = 4*p - r. Let m(u) = u**3 - u - 1. What is m(p)?
5
Let q(g) = -g + 7. Let w = -991 + 316. Let t = w - -685. Calculate q(t).
-3
Let j be (-3 - 1/(-1))*4. Let w(m) = -444 + 442 + 8*m - m + m**2. Give w(j).
6
Let b(z) = 37*z**3 - z**2 + 1. Let r(m) = 2*m**2 - 5*m + 4. Let f be r(2). Suppose -j + f = 4*v, 2*j + 4 = v - 1. Give b(v).
37
Let z(f) be the second derivative of -f**4/12 - 5*f**3/6 + f**2/2 - f. Suppose 25*t - 23*t = 110. Let j = t - 61. Determine z(j).
-5
Let i(l) = 7*l**2 - l - 4. Let v be (-7)/((-42)/54) - 7. Determine i(v).
22
Let l(c) = 3*c - 47. Suppose 6*r = 2*h - 6, 4*r + 35 = 5*h - 35. Determine l(h).
7
Suppose 20 = 688*q - 683*q. Let c(w) = w**3 - 7*w**2 + 7*w - 1. Let n(t) = -7*t + 7*t**2 + 0*t**2 + 2*t**3 - 3*t**3. Let m(j) = q*n(j) + 5*c(j). Determine m(6).
1
Let p(f) = -2*f**3 - 10*f**2 - 9*f + 20. Let j be p(-3). Let u(y) be the second derivative of j*y - 2/3*y**3 + 0*y**2 + 0. What is u(-2)?
8
Let z(q) = -q**2 - q - 3. Let s = 6 + -4. Suppose -18 = -p + 3*i, 1 = 3*p + s*i - 31. Suppose -v - 3*l + p = 0, -3*v + 2*l = -2*v + 8. What is z(v)?
-3
Let v(l) = -l**2 + 4*l + 23. Let h be v(7). Suppose 3*q = 0, 8*r + 3*q - 45 = 3*r. Let t(w) = h*w**3 - w**3 - 11*w + 2020 + r*w**2 - 2032. What is t(-10)?
-2
Let m(s) = -s**2 + s + 1. Suppose -31 + 13 = w. Let d = 63 + w. Let f be d/15 - (0 - (-1 - 2)). What is m(f)?
1
Let c(a) = 4*a**2 - 11*a + 4. Let m(l) = -8*l**2 - 416*l + 3. Let h be m(-52). Calculate c(h).
7
Let m(w) = -w**3 + 6*w**2 + 7*w - 7. Let k(z) = -z**3 - 30*z**2 + z + 16. Let s be k(-30). Let q = s + 21. What is m(q)?
-7
Let d(s) be the third derivative of s**4/24 + 4*s**3/3 + s**2. Let w(x) = -3*x**3 + 4*x**2 - 6*x + 2. Let z be w(-3). Let c = z + -144. Determine d(c).
1
Let d(i) = -i**2 + 6*i + 22. Let h be (-102)/(-9) + 32/(-24). What is d(h)?
-18
Let i(h) = h**3 - 7*h**2 - h + 5. Let a(g) be the third derivative of -g**4/24 + g**3 + 30*g**2 - 3. Let y be a(-1). Calculate i(y).
-2
Suppose -5*z - 19*z + 40 = -80. Let f(b) = 2*b**2 + 5*b - 6. Let g(v) = -3*v**2 - 4*v + 6. Let l(c) = 4*f(c) + 3*g(c). Give l(z).
9
Let r(b) = 3*b + 35. Let w be r(-11). Let p(d) = 4 + 2*d**2 - d**3 + 6*d - 2*d - w*d. Calculate p(3).
1
Let a(f) = -f**3 + 7*f**2 - 9*f - 10. Let o be a(3). Let i(u) = -15*u**2 + 3*u + 3. Give i(o).
-15
Suppose -4*m - 1120 = 5*y, -3*m - 2*y - 813 = -5*y. Let i = 278 + m. Let j(d) = 4*d - 5. Calculate j(i).
7
Suppose 4 = -4*o + 4*q, -3*o = -0*q - 4*q + 4. Let d(v) be the first derivative of -v**4/4 - v**3/3 + v**2/2 + v + 8. Calculate d(o).
1
Let m be (-792)/440 + (-24)/(-5). Let x(s) be the third derivative of 7/24*s**4 + 1/60*s**5 + 0*s + 0 - 1/2*s**m - 15*s**2. Determine x(-7).
-3
Let w(j) = 0*j + 7 - 2*j + 83 + 2*j**2 - 64. Calculate w(-7).
138
Let y(v) be the first derivative of -13*v**2 - 112*v + 1623. What is y(-4)?
-8
Let h(j) = -j**3 - 2*j**2 - j - 7. Suppose -3*l - 72 = -3*q, -4*q + 123 = -6*l + l. Let m = l + 27. Let p be h(m). Let o(i) = i**2 + 7*i + 4. Determine o(p).
4
Let l(y) be the first derivative of -y**3/3 - 6*y**2 - 16*y + 14561. Let r be (1 - 0)/(1/(-10)). Give l(r).
4
Let j(u) = -2*u**3 - 4*u**2 + u. Let z(r) = -2*r**3 + r**2 - 30*r + 18. Let o(h) = h**3 - h**2 + 16*h - 9. Let f(q) = 7*o(q) + 4*z(q). Let g be f(1). Give j(g).
15
Suppose 3*g - 4*m + 93 = 98, -2*m - 4 = 0. Let w(s) = 19*s - 6*s - 11*s. Calculate w(g).
-2
Let o(a) be the second derivative of -a**5/60 + a**4/12 + 31*a**2 - 4*a - 2. Let r(y) be the first derivative of o(y). Determine r(4).
-8
Let y(u) = -u**2 - 520*u + 256*u + 270*u - 4. Give y(1).
1
Let j(q) be the first derivative of -3*q**3 + 8*q**2 - 14*q - 921. Calculate j(1).
-7
Let c(u) be the first derivative of u**4/4 + 6*u**3 - 53*u - 2614. Calculate c(-18).
-53
Let v = 16 + 35. Let g = v + -45. Suppose 2*c = g*c - 16. Let a(z) = z**2 - 4*z + 2. What is a(c)?
2
Let d = 3436 + -1036. Let o(w) = 1199*w**2 + 1200*w**2 - 9*w + 5 - d*w**2. Calculate o(-11).
-17
Let t(u) be the first derivative of -23*u**2/2 - 49*u - 2869. Calculate t(-2).
-3
Let x(y) = -16*y - 16. Let n(b) be the third derivative of 5*b**4/8 + 5*b**3/3 - 57*b**2 + 2*b. Let v(g) = -3*n(g) - 2*x(g). Give v(-3).
41
Let y(u) = -u + 19. Let s be y(7). Suppose s*c = 9*c + 24. Let m(o) = -6*o**2 + o**3 - 8 - 2*o + 6 - 2*o**2. What is m(c)?
-18
Let h(c) = -c**3 + 6*c**2 + c - 1. Let a = 3702 - 3696. Give h(a).
5
Let s(y) be the first derivative of -1/3*y**3 + y**2 + 0*y + 49. Let o = -2 - -4. What is s(o)?
0
Let j = 8 - 9. Let f(p) be the third derivative of -p**6/120 + p**5/12 + p**4/2 - 3*p**2 - 17. Let w(a) = 3*a**2 + 7*a. Let k(h) = 4*f(h) - 7*w(h). Give k(j).
4
Let o(g) = -33*g - 114 - 45*g - 19*g + g**2 + 114*g. Give o(5).
-4
Suppose -18 = -d - 8. Let g(j) = 31*j - 19*j + 3 - d*j. Let o be (-1)/((-2)/(-7) + (-6)/70). Calculate g(o).
-7
Let d(a) = a**3 - 3*a**2 + 7*a + 6. Let k(i) = -3*i**3 + 10*i**2 - 20*i - 17. Let u(p) = 8*d(p) + 3*k(p). Let y be (-3*(32/80)/(18/(-75)))/1. What is u(y)?
2
Let w(x) = -x**3 - 9*x**2 - 8*x + 4. Let j be (-14)/(-3)*(6/(-11))/((-736)/(-2024)). Determine w(j).
-38
Let a(v) be the third derivative of 2/3*v**3 + 0*v - 1/6*v**4 + 15*v**2 + 1/60*v**5 - 1. Let m(j) = -j - 4. Let s be m(-8). What is a(s)?
4
Suppose -2*s = 727 - 721. Let m(u) = u**3 + 4*u**2 + 2*u + 1. What is m(s)?
4
Let s = 112 - 101. Let t(h) = 8 - s + 2*h + 28*h**3 + 2 - h**2. Determine t(1).
28
Let p be (3 + 60/(-18))/((-21)/(-9) - 2). Let b(t) = 19*t**2 - 3*t - 2. Calculate b(p).
20
Let n(u) = 9*u - 2. Suppose -3*l - 2*l + 45 = 0. Let a(p) = 29*p + 6*p - l*p - 5. Let c(i) = -3*a(i) + 8*n(i). Determine c(2).
-13
Let j(q) = q**3 + 18*q**2 + 11*q + 177. Let y be j(-18). Let t(u) = -u**3 - 19*u**2 + 44*u + 44. Determine t(y).
2
Let r(l) = 2*l - 13. Suppose 0*f - 2*f = -3*k - 820, 0 = 4*f + 2*k - 1672. Let m = f + -406. What is r(m)?
7
Let n(k) = 876*k**2 - 23*k + 10. Let l(h) = -375*h**2 + 11*h - 5. Let i(d) = -7*l(d) - 3*n(d). Give i(1).
-6
Let s(v) = 13*v - 11. Let c(l) = -14*l + 9. Let y be (140/(-56))/((-1)/(-2)). Let w(b) = y*c(b) - 4*s(b). What is w(1)?
17
Let t(o) = 2*o - o + o**3 + 0*o + 21 - 19 + o**2. Let r = 131 - 131. Give t(r).
2
Let u = -1 + 3. Let h(p) = -2*p**2 - 87*p + 18. Let k(w) = -6*w**2 - 246*w + 51. Let b(y) = 17*h(y) - 6*k(y). Give b(u).
2
Let a(s) = -6*s + 4. Let p(z) = -13 + 7 - 5 + 5*z - 17. Let i be p(6). Give a(i).
-8
Let v(p) = -3*p**3 - 4*p**2 + 4*p + 4. Suppose r - 16 = -2*c, 0 = -r - 5*c - 2153 + 2196. Determine v(r).
4
Let c be -5*24/(-30) - 1/1. Let m be (2/6)/((-1)/c). Let f(a) = -6*a**2 - 2*a - 2. Give f(m).
-6
Let n(q) = q**2 - 9*q + 1. Let l(f) = -2*f**2 + 17*f. Let v(d) = -4*l(d) - 7*n(d). Let s = -790 + 796. Give v(s).
-1
Let q be 1 + -7 - -6*9/6. Let y(w) = w**2 - w + 1. Determine y(q).
7
Let p(s) = -s - 2. Let o(w) = w**2 - 2*w + 16. Let m be o(-14). Suppose -21*n = -16*n + m. Let l = -43 - n. Give p(l).
-7
Suppose 0 = -3*z + 4*a + 19, 17504 = z + a + 17500. Let v(k) = -4 - 2*k**2 + 2*k**2 + 6*k - k**2. Calculate v(z).
1
Let j = 166 - 145. Suppose 0 = -d + 20 - j. Let w(x) = 2*x + 1. What is w(d)?
-1
Let a be 7 - (-1 + 1) - (-328 - -323). Let o(j) = -j**2 + 5*j + 80. Give o(a).
-4
Let h(a) be the third derivative of -13*a**5/30 - a**4/3 + 7*a**3/6 + 69*a**2 - 12. Calculate h(1).
-27
Suppose 3*u - 5*i = 4, -4*u + 0*i = -5*i - 7. Suppose 70 = 4*j + d, -u*j + 40 = -j - 2*d. Suppose 3*w + 12 - j = 0. Let c(y) = -4*y**2 + 3*y. Determine c(w).
-10
Let i be -2*(18 - 21 - 5/2). Suppose 0 = 4*q + 16, 5*n + 2*q + i = 3*q. Let j(y) = 6*y - 1. Let r(u) = 2*u. Let o(l) = -2*j(l) + 7*r(l). What is o(n)?
-4
Let z(o) = o. Let a = 44 - 43. Let v(q) = -3 + 2 + a + q. Let n(d) = -4*v(d) + 5*z(d). Calculate n(-7).
-7
Suppose -o - 3 = -0*o. Let f(a) = 62*a - 9. Let k(x) = 108*x - 16. Let v(i) = -7*f(i) + 4*k(i). Determine v(o).
5
Let y(a) = a**3 - 5*a**2 